et h be k(0). Let d = 570 - 561. Suppose c - d = h. What is the remainder when 27 is divided by c?
13
Suppose -3*u - 2 + 14 = 0, -u = -4*j + 20. What is the remainder when 2/((-28)/15 - -2) is divided by j?
3
Suppose 2*p - 190 = -3*r, 0 = -2*r - 3*r + 3*p + 342. What is the remainder when r is divided by 4?
2
Suppose -4*r + 7*r - 459 = 0. Suppose q = 4*c - r, -3*c + c + 66 = -4*q. What is the remainder when c is divided by (-10)/((-1)/3*15/10)?
19
Suppose 19*u = 45*u - 1898. Let p = 19 + -59. Let m = u + p. What is the remainder when m is divided by 9?
6
Let v(c) = -6*c - 9. Let x be -2 + (-2 - -4) - 1. Let y = x - -29. What is the remainder when y is divided by v(-4)?
13
Suppose -2*g - 2*d + 512 = 0, -8*d + 3*d = -4*g + 1069. What is the remainder when g is divided by 45?
36
Suppose 4*n = -20, -5*u - n + 300 = -5*n. Suppose -3*i + 4 = -u. Suppose 4*o = 187 + 45. Calculate the remainder when o is divided by i.
18
Suppose -5*b - 315 = -10*b. What is the remainder when 34 is divided by -2*b/(-12)*(-2)/(-3)?
6
Suppose 2*c - 43 = -3*c - 3*z, -3*c + z = -37. Calculate the remainder when 26 is divided by c.
4
Suppose 0 = 5*n + 20, b = -2*b + 3*n + 228. What is the remainder when 226 is divided by b?
10
Let q = 63 + 28. Calculate the remainder when q is divided by 46.
45
Let v = 10 + 10. Let y = -392 + 468. Calculate the remainder when y is divided by v.
16
Suppose 4*y + 3*y = 693. Calculate the remainder when y is divided by 25.
24
Let k = 179 - 116. Suppose -10 = 2*o, 5*h = -o + 23 - 248. Let j = h + k. What is the remainder when j is divided by 10?
9
Suppose 4*q - 139 = 21. Suppose 4 = -3*h + q. What is the remainder when 1/2 - (-533)/26 is divided by h?
9
Let r = -5 - -46. Suppose -3*z + 78 = 5*w, -145 = -2*z + 5*w - 143. What is the remainder when r is divided by z?
9
Let x = -298 - -306. What is the remainder when 78 is divided by x?
6
Let i be -1*(-1 + 2)*-1. Let h be i + -3 + -2 + -26. Calculate the remainder when 81 is divided by 2/(-4)*h + -1.
11
Let t = 1 - 4. Let f(d) = 122*d + 2 + 8 - 123*d. What is the remainder when 37 is divided by f(t)?
11
Let i = -268 - -279. Calculate the remainder when 27 is divided by i.
5
Let u(f) = 48*f**2 - 2*f - 1. Suppose 2*c = 3*r - 69, 246 - 99 = 5*r + 2*c. Calculate the remainder when u(-1) is divided by r.
22
Suppose 29 = 4*q + s, -4*s + 8 = -q - 6. Suppose 3*c = -4*d + 171, -2*c = -d - q*c + 33. What is the remainder when d is divided by 3/4*16/1?
9
Let l(j) = -38*j - 28. What is the remainder when l(-3) is divided by 30?
26
Suppose 5*o + 109 + 111 = 0. What is the remainder when 5 + 11/(o/(-472)) is divided by 18?
15
Let p = 1468 + -1451. Calculate the remainder when 848 is divided by p.
15
Let v be (0 - 1)*(-12 - -19). Let l be -3 + 3 - 5*-9. Let i = l + v. Calculate the remainder when i is divided by 10.
8
Let i = -437 + 1551. What is the remainder when i is divided by 86?
82
Suppose -4*x + 3*z + 76 = -19, -120 = -5*x + 4*z. Let a = x + 12. Calculate the remainder when a is divided by 13.
6
Let y = 459 + -434. Let v = 32 - 19. Calculate the remainder when y is divided by v.
12
Let n(x) = 2*x**2 - 11*x - 5. Let d be n(8). What is the remainder when (114/(-15) - -4)*d/(-2) is divided by 17?
12
Let g(b) = -2*b**3 + 4*b**2 + 17 + 3*b**3 - 5*b - 20. What is the remainder when 50 is divided by g(-4)?
16
Let l be 1851/18 + 5 + (-1)/(-6). What is the remainder when (2 - 6) + (l - 6) is divided by 17?
13
Let j(y) = -y**2 + y + 19. Let n = 168 - 15. Suppose 4*w = w + n. What is the remainder when w is divided by j(0)?
13
Let j = -367 + 820. Calculate the remainder when j is divided by 12.
9
Suppose 5*o + o - 48 = 0. Suppose 4*h = -2*j + 156, -3*h - 41 = -4*h - j. What is the remainder when h is divided by o?
5
What is the remainder when 1/((((-36)/232)/(-9))/1) is divided by 15?
13
What is the remainder when 83 is divided by -26*((-14)/20 + (-14)/(-70))?
5
Suppose 0 = -3*d - 5*u + 42, 5*d - 56 = d - 4*u. Calculate the remainder when 64 is divided by d.
8
Suppose 79*t - 65698 = -28*t. Calculate the remainder when t is divided by 15.
14
Suppose 5*n + 2 = -13. Let s be n/(-2) - (-38)/4. Let c = 13 - s. Calculate the remainder when 7 is divided by c.
1
Suppose 0 = 14*p - 56*p + 630. Calculate the remainder when p is divided by 10.
5
Let j(q) = 5*q + 1. Let d be j(2). Let u = -11 + d. What is the remainder when (8 + u)/(1/3) is divided by 13?
11
Let x(w) = 2*w**2 - 10*w - 155. Calculate the remainder when 50 is divided by x(12).
11
Suppose 4*v - 141 = 55. Calculate the remainder when (68/(-7))/((-14)/v) is divided by 7.
6
Let c = -6 - -63. Let d(g) = g**3 + 15*g**2 + 12*g + 2. Let r = -3 - 11. What is the remainder when c is divided by d(r)?
27
Suppose m + 4 - 21 = 0. Suppose -584 = -4*a - 192. Calculate the remainder when a is divided by m.
13
Let p = 396 - 218. What is the remainder when p is divided by 9?
7
Suppose 0 = 5*s - 3*x + 234, -3*s - 144 = 2*x - 5*x. Suppose 0*h - 2 = 3*a + 2*h, 2*h = a - 10. What is the remainder when -3*5/(s/6) is divided by a?
0
Suppose 2*v - 7*t + 2*t - 47 = 0, -5*v + t = -60. Let g(y) = -6 - 4 + 4 - y + 3. What is the remainder when v is divided by g(-9)?
5
Suppose -8*q = 6*q - 2996. What is the remainder when q is divided by 24?
22
Let y(v) = 3*v - 5 - 1 - 4 + 3. Suppose 4*p - 71 = j, -3*p - 2*j = 2*j - 77. What is the remainder when p is divided by y(6)?
8
Suppose 5*d + 7 = -2*h + h, -3*d = -h + 1. Let y = -13 + 18. Calculate the remainder when 21*((-25)/15 - h) is divided by y.
2
Suppose -44*i + 23*i = -945. Calculate the remainder when i is divided by 24.
21
Suppose 24*t - 222 = 42. What is the remainder when 70 is divided by t?
4
Suppose -144 + 70 = -w. What is the remainder when w is divided by 19?
17
Let m = -296 + 397. What is the remainder when m is divided by 21?
17
Suppose -4*s + 9*s - 242 = 3*z, 0 = 3*s - 3*z - 144. What is the remainder when s is divided by 13?
10
Suppose -25*d = -24*d - 3. What is the remainder when 8 is divided by d?
2
Let k(j) = -j**3 + 24*j**2 - 22*j + 18. Let l be k(23). Let f = -27 + l. Calculate the remainder when f is divided by 3.
2
Let h = 63 - 48. Let k(g) = g**3 + 6*g**2 - 12*g + 15. What is the remainder when k(-5) is divided by h?
10
Suppose -5*l + 236 = -3*t, 3*l - 20*t = -21*t + 136. Calculate the remainder when 87 is divided by l.
41
Suppose 4*t - 4*p + 0*p = 16, 0 = p - 3. Suppose 530 = 5*b + 5*l, -3*l - 317 = -3*b - t*l. Calculate the remainder when b is divided by 18.
17
Let x(o) = -o**2 + 8*o - 7. Let z be x(6). Suppose 3 = -z*s - 7. Let i(a) = -a**3 - a**2 + 2. Calculate the remainder when i(s) is divided by 3.
0
Let l = -58 + 81. What is the remainder when l is divided by 7?
2
Suppose -6*g - 320 = -g. Let b = g - -112. Calculate the remainder when b is divided by 19.
10
Suppose -4*r + 127 = r - 4*z, -z - 3 = 0. Suppose 0 = -5*f + 4*b + 396, 2*b = -f + 59 + r. What is the remainder when f is divided by 14?
10
Let f(t) = 19*t - 2. Suppose 2*h - 7*h + 70 = -4*o, -2*h = 4*o. Calculate the remainder when f(1) is divided by h.
7
Let u(c) = 4*c**2 + c. Let o(n) = -n**2 + 9*n + 7. Let x be o(10). Let p be u(x). Suppose -b = 2*b - p. What is the remainder when b is divided by 3?
2
Let o be (-1)/(-2*1/74). Let a = o + -16. Calculate the remainder when a is divided by 12.
9
Let x(m) = m**2 + 11*m - 46. What is the remainder when 296 is divided by x(-18)?
56
Suppose x - 4 = -0*x. What is the remainder when 2 + 3568/80 + (-2)/(-5) is divided by (4*x)/(8/12)?
23
Suppose 25*t - 10*t = 1230. Calculate the remainder when t is divided by -3*((-68)/(-6))/(-2).
14
Suppose 2*i = 5*y - 35, 4 = 2*y - i - 11. Let a be (9/(-6))/(6/(-24)). Suppose 7 = -a*j + 31. What is the remainder when y is divided by j?
1
Let c = 887 + -824. Calculate the remainder when 1509 is divided by c.
60
Let q = 2 + 10. What is the remainder when (-4 - 39/(-6))*236/5 is divided by q?
10
Suppose 7*d - 1500 = -5*d. Calculate the remainder when d is divided by 32.
29
Let h(u) = -u**3 + 15*u**2 + 20*u - 24. Let p be h(16). Suppose -2*m = -w + 2*w - 21, -5*w + 3*m = -p. Calculate the remainder when 16 is divided by w.
5
Calculate the remainder when 36 is divided by -3 - 522/(-21) - (-1)/7.
14
Suppose -3*o + 4*k + 59 = 0, 9 = -o - 4*k + 2. What is the remainder when 156 is divid